 the prime factors of 7/(-35)*2*-68185.
2, 13, 1049
What are the prime factors of 2 - 158/3*(-87)/58?
3
Suppose u - 4*y = -3*y - 1, -u + 5*y = 21. Suppose -2*z = u*d - 186, 0 = -z - d + 71 + 26. Suppose -z + 304 = q. List the prime factors of q.
7, 29
Let g(v) = -169*v - 4160. List the prime factors of g(-25).
5, 13
Let a(m) = 269*m**2 - 303*m - 2073. List the prime factors of a(-7).
13229
Let n be 1210 - -21 - (-14)/(-2). Let i = n + -87. What are the prime factors of i?
3, 379
Let q(h) = -13*h**3 + 4*h**2 + 28*h + 7. Let p be q(-6). Suppose i + 3*s = 556, -10*s = 5*i - 6*s - p. List the prime factors of i.
13, 43
Suppose x - 2*x = -4*g + 12, -5*x - 18 = g. Suppose -4*c = c, -g*c = -4*w + 392. What are the prime factors of w?
2, 7
Let q be 2/(-15) - 85/(-75). Let n(h) = -q + 0 + 2 + 26*h. What are the prime factors of n(5)?
131
Let r(h) = h**3 - 4*h**2 - 12*h - 6. Let s = 37 + -126. Let c = s - -96. List the prime factors of r(c).
3, 19
Let w = 2865 - 344. Let p = w + -1097. Suppose 16*f = 24*f - p. What are the prime factors of f?
2, 89
Suppose -3*l - 2606 = -4*w + 1416, 0 = 3*l + 6. Suppose w = -694*d + 696*d. What are the prime factors of d?
2, 251
Let j(w) = -66*w**3 + 7*w**2 - 178*w - 1142. List the prime factors of j(-6).
2, 7, 1031
Let v(u) = 1575*u**2 - 82*u - 328. What are the prime factors of v(-4)?
2, 3, 5, 7
Let b(k) = 23*k + 33. Let q(m) = -m**3 + 15*m**2 - 16*m + 57. Let d be q(14). What are the prime factors of b(d)?
2, 5, 7
Suppose -224*x = -222*x - 2*k - 45480, -5*x + 113707 = -4*k. List the prime factors of x.
23, 43
Suppose b + 965 = -2*k + 4*b, 2*k + 995 = -3*b. Let i = -908 - -179. Let a = k - i. What are the prime factors of a?
239
Let q = -1330 - -4684. Suppose 6*s = 1422 + q. List the prime factors of s.
2, 199
Let g = 278 - 745. Let j = -109 - g. What are the prime factors of j?
2, 179
Let v be 25/(-30) + (-2)/12. Let d be (-8)/1*1/v. Suppose -4*a = d, a = -5*w - a + 601. List the prime factors of w.
11
Let z be 76/(-5) - (1 - (-6)/(-5)). Let d = 324 + z. What are the prime factors of d?
3, 103
List the prime factors of (36771/(-12))/((-105)/126*(-3)/(-30)).
3, 7, 17, 103
Let v be 28/154 + (-158)/22. What are the prime factors of -23*(v - 0/4)?
7, 23
Suppose 8*t + 7405 = 49717. List the prime factors of t.
3, 41, 43
Let i = -74 + -49. Let w = i + 679. What are the prime factors of w?
2, 139
Suppose -5*s - 3*n + 485 = -8*n, 0 = s - 5*n - 117. Suppose s = a - 76. List the prime factors of a.
2, 3, 7
Let g = 114 + -54. Let t(d) = 11*d. Let f be t(5). Suppose 59*k = g*k - f. What are the prime factors of k?
5, 11
Suppose -2*d - 5*t = -2, -4*d + t + 15 = -11. Suppose -d*j = -4395 + 1071. List the prime factors of j.
2, 277
Let t(c) = c**3 + 107*c**2 - 93*c - 862. List the prime factors of t(-107).
61, 149
Let g = 65 - 70. Let a be 14 - g*(-4)/4. Suppose 2*w + 959 = a*w. List the prime factors of w.
137
Let i be 12/((-985)/(-250) - 4). Let c be i/6*(-12)/8. Suppose -199 = -3*f + c. List the prime factors of f.
83
Let c(l) = -1. Let a(p) = -138*p - 10. Let y(i) = -2*a(i) + 12*c(i). What are the prime factors of y(1)?
2, 71
Let n(a) = -a**3 - 2*a**2 - 3*a + 304. Let l = 343 + -343. What are the prime factors of n(l)?
2, 19
Let k = 12872 - -24262. What are the prime factors of k?
2, 3, 2063
Suppose 2*p = 3*j - 1333, -5*j + 571 = 4*p - 1658. Let r = -245 + j. What are the prime factors of r?
2, 5
What are the prime factors of (-17)/119*-63 + 3509?
2, 1759
Suppose 108*p = 114*p - 1584. Let o = p + -63. List the prime factors of o.
3, 67
Suppose -3*s = 59*a - 55*a - 46924, -a + s = -11731. List the prime factors of a.
11731
Let j(y) = -1 + 4 + 2 + 227*y. Let r = 527 + -526. What are the prime factors of j(r)?
2, 29
Let d(k) = k**3 - 16*k**2 + 19*k - 20. Let r = 54 - 101. Let t = r + 62. What are the prime factors of d(t)?
2, 5
Let i = 197 + -207. Let t = i - -623. What are the prime factors of t?
613
Suppose -g = -p + 9, -8*g - 5 = -5*p - 11*g. List the prime factors of (11/p)/((-82)/(-39032)).
7, 11, 17
Suppose -4*a + 66448 = 4*d, -3*a + 176*d - 178*d = -49842. What are the prime factors of a?
2, 7, 1187
Suppose 3*g = -2*b - 232, 0*b + 236 = -2*b - 2*g. Let m(c) = -137*c - 1. Let a be m(-1). Let u = a + b. List the prime factors of u.
2, 7
Let n(w) = -55*w**3 - 2*w**2 + w + 1. Let o be n(-2). Let l = -105 - 201. Let f = l + o. List the prime factors of f.
5
Let s(r) = 967*r**3 - 7*r**2 + 142*r - 546. What are the prime factors of s(4)?
2, 11, 53
List the prime factors of -2*(10/6)/((-66)/(-99)) - -11928.
11923
Suppose 0 = 4*c - r - 76953, 4*c = 5*r + 57968 + 19021. List the prime factors of c.
2, 3, 7, 229
Let k(n) = -3*n + 47. Let d be k(13). Suppose 3*y - 7 = d. Suppose -y*l - 4*v = 90 - 321, v = 4*l - 189. What are the prime factors of l?
47
Let c(p) = -2*p**3 - 12*p**2 - 21*p - 30. Suppose -3*v = -3*w - 21, 6 + 8 = -2*w - 2*v. What are the prime factors of c(w)?
5, 43
Let l(g) = 633*g - 5784. What are the prime factors of l(26)?
2, 3, 593
Let j(k) be the second derivative of k**4/4 + 17*k**2/2 + 63*k. List the prime factors of j(-10).
317
Let y be 6/(-1)*(-2 - 5/(-3)). Suppose y*u - 9 = 81. Suppose -195 = -3*g - 5*m, -3*m - 174 - u = -3*g. List the prime factors of g.
2, 5, 7
Let l = -25702 + 90912. What are the prime factors of l?
2, 5, 6521
Suppose 2*p - 36906 = -4*z + 6446, 4*z = -p + 43352. List the prime factors of z.
2, 5419
Suppose -2*i - 2*j + 130 = -3*j, 4*i = -2*j + 276. Suppose -5*t - 2 + i = 0. Suppose 1135 = 7*n - t. List the prime factors of n.
2, 41
Let s be (-2 - (-32)/6)/(3/3591). Suppose 13*d = 9*d + 4*t + 3184, -3*t - s = -5*d. List the prime factors of d.
3, 89
Suppose c = 1, 32*c = 2*d + 36*c - 84836. What are the prime factors of d?
2, 11, 241
Let s(f) = 9*f**2 - 16*f - 8. Let b(w) = 4*w**2 - 3*w. Let u be b(-1). List the prime factors of s(u).
3, 107
Let r(g) = -g**3 - 17*g**2 - 14*g + 35. Let d be r(-16). Suppose -3*i - i = -d*z - 47, 3*z + 19 = 2*i. What are the prime factors of i?
2, 7
What are the prime factors of 3/((-9)/4412)*((-6939)/108 - -32)?
43, 1103
Let b = 109657 - 30859. List the prime factors of b.
2, 3, 23, 571
Let v(h) = h**3 + 94*h + 6001. What are the prime factors of v(0)?
17, 353
Let t(i) = -i**3 + 55*i**2 + 183*i + 11. What are the prime factors of t(57)?
2, 17, 29
Let q = 8 + -6. Suppose 4*g + 0*g = 9*g. Suppose 295 = 3*k + q*b - b, g = 4*k - 4*b - 388. What are the prime factors of k?
2, 7
Let r = 7923 - 4847. Suppose -8*l = r - 16172. List the prime factors of l.
1637
Suppose j + 2*w - 444 = 0, -3*w - 858 = -2*j - w. Suppose 0 = -8*p + j + 566. What are the prime factors of p?
5
Let z = 23171 + -21633. What are the prime factors of z?
2, 769
Let m = -10 - 36. Let i = -42 - m. Suppose 5*u - 85 = i*g - 15, g = 0. What are the prime factors of u?
2, 7
Let n(o) be the first derivative of 22*o**2 - 2*o + 68. What are the prime factors of n(7)?
2, 3, 17
What are the prime factors of 2*5 - (-361920)/64?
5, 11, 103
Let s be (-2 - 15/(-3))*(-21)/(-9). Suppose 4*c = -3*r + 47, -2*c + 4*r - 37 = -5*c. Suppose -c*z + s*z = -656. List the prime factors of z.
2, 41
Suppose -1443*s = -1438*s - 23340. Suppose -295*m - s = -299*m. List the prime factors of m.
3, 389
Let v(h) = 11*h + 1. Let m be v(7). Suppose -2*d = m - 464. Suppose -2*w - 5*s + 137 = 0, 3*w - d = 3*s + 23. List the prime factors of w.
71
Let i(n) = -n + 1. Let q(p) = -2*p**3 - p**2 + 2*p + 4. Let g(z) = 4*i(z) + q(z). Let m = -66 + 62. What are the prime factors of g(m)?
2
Let c = 3947 - 2777. Suppose c = 21*f - 19*f. What are the prime factors of f?
3, 5, 13
Let k = -59902 - -84700. List the prime factors of k.
2, 3, 4133
Let q be (3 + 0)*2/(-3). Let j be 19 - 0*1/q. Suppose 2*y = y + j. List the prime factors of y.
19
Let w(b) = b**2 + 3*b - 1. Let h be w(-3). Let o = -89 + 90. What are the prime factors of ((-2 - o) + 49)*h/(-2)?
23
Let a = 39224 + 2229. What are the prime factors of a?
41453
Let n(y) = 65*y + 195. Let d be n(18). Suppose -5*t = -33*q + 32*q + d, -t = -3*q + 4081. What are the prime factors of q?
2, 5, 17
Let i(x) = -12*x**2 + 117. Let f be i(-12). Let h = f - -2827. What are the prime factors of h?
2, 19
Let z = 32 - 28. Suppose 4*n - 16 = -5*c + c, -c + z = 0. Suppose 5*f - 2*h = 436, 448 = 5*f - n*h